 the thousands digit of (-14 + 3649)*((-834)/(-70) - 70/(-245))?
4
Let a(c) = -c + 33. Let p be -2 - (27 - 0/(-5)). What is the tens digit of a(p)?
6
Suppose -8*y - 16 + 8 = 0. Let x = 3 + y. Let j(b) = 7*b**3 + 3*b - 2. What is the tens digit of j(x)?
6
Let m(o) = -6*o - 6*o - 25 - 11*o + 22*o. Let l be m(-3). Let k = l + 233. What is the hundreds digit of k?
2
Suppose 7*s = -s + 16. Let j = s + -12. What is the units digit of (-15)/j*(-260)/(-5)?
8
Let x(k) be the first derivative of k**4/4 + 7*k**3 - 9*k**2/2 - 8*k + 283. What is the hundreds digit of x(-9)?
0
Let s be 2/(-8)*-1 - 10975/(-100). Suppose 0 = 3*a + s - 488. What is the tens digit of a?
2
Let q(b) be the third derivative of b**6/120 + 5*b**5/12 + 5*b**4/4 - 13*b**3/3 - 7*b**2 + 2. What is the units digit of q(-23)?
2
Let j = -57412 - -89346. What is the tens digit of j?
3
Let f(s) = -747*s**3 + 2. Let h be f(-1). Suppose -8*o = -8725 + h. What is the units digit of o?
7
Let a be (-3*259/(-5))/((-1)/(-5)). Suppose -8*o = -a - 151. What is the hundreds digit of o + 0 + 4 + -3?
1
Suppose -3*j - 54 = 4*h - 221, h - 57 = -j. Suppose -5 + 21 = 4*f, 4*k = -2*f + 20. Let o = j - k. What is the units digit of o?
8
Let r be -6 + 12 - (-4)/(-1). Suppose 4*a = -4*p + 1320, 3*p + p - 1320 = -r*a. What is the hundreds digit of p?
3
Suppose 0 = -16*v + 11*v - 605. Let d be v/22*(-4 + 2). Suppose -5*n = c - d, 3*c - 5*n = 2*c + 1. What is the units digit of c?
6
Let r(h) = h**3 + 6*h**2 - 2*h - 12. Let q be r(-6). Let c be 77*(q - (-18)/21). Suppose 0*u - c = -2*u. What is the tens digit of u?
3
Let c = -43 - -427. Suppose -2*p + c = s, 0*p = 2*p - s - 380. What is the tens digit of p?
9
Let t = 51 + -49. Suppose -46 = t*l - 130. Suppose 0 = -a + l - 6. What is the units digit of a?
6
Suppose -l + 171 = 2*l. Suppose -2*u - c + 0*c = -51, 3*u - l = 5*c. Let v = -22 + u. What is the units digit of v?
2
Suppose 314 + 562 = 3*i. Let b = 135 + i. Let x = b + -287. What is the units digit of x?
0
Let u(j) be the first derivative of 16*j**2 + 10*j + 46. What is the hundreds digit of u(8)?
2
Let g be 1 - -1 - (-1)/(0 - 1). Let d be (-8)/(-12) - g - 1990/6. What is the tens digit of 36/16*(d/(-12) + -1)?
6
Let g = -732 + 2196. Let i = g - 178. What is the thousands digit of i?
1
Let c be (-3 + (-1 - -27))*3. Suppose 0 = -2*p + 45 + c. Let m = p + -31. What is the tens digit of m?
2
Suppose -15*k = -11*k. Suppose k = -3*m - 4*m - 7. What is the units digit of m*(8/2 - 119)?
5
Suppose 6*f - 73322 = -23522. What is the thousands digit of f?
8
Let f(a) = 13*a**2 + 5*a - 207. What is the tens digit of f(-11)?
1
Suppose 26*t - 21*t - 49359 = -4*x, -t = 3*x - 9874. What is the tens digit of t?
7
What is the tens digit of 7 + (-1450)/200 - (-1)/4*2137?
3
What is the units digit of (-11 + -97)/(-18) - -21451?
7
Let l = 122 - 117. Suppose l*x + 1460 = 4*m, -m + 3*m + 3*x - 752 = 0. Suppose -5*s + 262 = 2*q, 8*s = 3*q + 4*s - m. What is the tens digit of q?
2
Let r(v) = 6*v**2 - 9*v - 508. What is the tens digit of r(26)?
1
Let k be 413/(6 - 10/2). Let n = k + -41. What is the hundreds digit of n?
3
Suppose 0*t = -t + 1. Let k be (1 + (t - 4))/(4/(-54)). Let m = 33 - k. What is the units digit of m?
6
Let j(t) = -t**3 - 4*t**2 + 1 - t**2 + 3*t**2 + 0. Let q be j(-3). Suppose 3*a - 26 = -i, 0 = -5*a + 5*i - q*i + 50. What is the units digit of a?
8
Suppose -10*q + 12*q = 14. Suppose 3*m - 9 = 0, 5*u - q*u + 1500 = 4*m. What is the units digit of u?
4
Let h(s) = 11*s**2 - 11*s + 57. Let g be h(13). Suppose 139*j - g = 136*j. What is the units digit of j?
1
Suppose -265 = -6*i - 2275. What is the tens digit of 2 - 1 - (2 + i)?
3
Let h(a) = -a + a**3 + 127 - 7*a + 15398*a**2 - 15402*a**2. What is the hundreds digit of h(8)?
3
Let r = -39 + 47. Suppose -r*v + 13*v = 5. What is the tens digit of v/(-2) + 386/4?
9
Let w = -5262 - -15984. What is the ten thousands digit of w?
1
Let p(a) = a - 14. Let k be p(12). Let u be k + (0 - 268) + 2. Let h = u - -455. What is the hundreds digit of h?
1
Let d = 2122 - -503. What is the units digit of d?
5
Suppose 18*y = 22*y + 3*w + 2571, 1929 = -3*y - 2*w. Let d = 651 + y. What is the units digit of d?
6
Suppose s = -5*u + 4, 2*s - 9 + 1 = 5*u. Suppose -s*a = -16, -4*a = -3*p - 3*a + 50. What is the units digit of (-1)/(-3) + 120/p?
7
Let l = -21802 + 32946. What is the ten thousands digit of l?
1
Suppose 0 = -31*y - 7*y. Let u(j) = -3*j**3 + 4*j**3 + 127 - 4*j**2 + 32. What is the units digit of u(y)?
9
Suppose 14*g + 5*g = -1064. What is the hundreds digit of (g/(-32))/(1/372)?
6
Suppose -5*m - 89 + 414 = 0. Let y = m - 49. Suppose y = -4*a + 592. What is the tens digit of a?
4
Suppose 3*f + 66 = 5*g, 4*f - 6 = -14. Suppose 6*b - g*b + 1476 = 0. What is the tens digit of b?
4
Suppose 5*p = z - 2705 - 303, p - 6071 = -2*z. What is the units digit of z?
3
Suppose -6*v + 4*v = 16. What is the units digit of (-1464)/(-10)*((-3 - v) + 0)?
2
Suppose 0*r + 56*r = 0. Let o(i) = 16*i**2 - 4. Let j be o(-3). Suppose r = -x + 5, 0*p + j = 3*p + 4*x. What is the tens digit of p?
4
Let y(j) = j**3 + 5*j**2 + 6*j + 9. Suppose 3*r - i + 11 - 2 = 0, -2*r - 5*i = 23. Let a be y(r). What is the tens digit of (a - 7)/((-3)/62)?
2
Suppose 0 = 5*q - 133 + 123. Let b(i) = i**q + 8 + 1 + 66 + 2*i. What is the tens digit of b(0)?
7
Let l(q) = 75*q**2 + 2*q + 25. Let z = -229 - -225. What is the hundreds digit of l(z)?
2
Let x(i) be the third derivative of i**6/120 + i**5/12 + i**4/8 - i**3/2 + 3*i**2 + 14*i. Let b = -13 + 10. What is the units digit of x(b)?
6
Suppose -5*j + 13 = -322. Suppose 0 = -4*n - j + 1135. What is the units digit of n?
7
Suppose 388 = -h + 85. Let i = h - -795. What is the tens digit of i?
9
Suppose 0 = -20*z - z + 61719. Suppose 4*o - z = -3*v, -8*o + 11*o = -5*v + 2196. What is the tens digit of o?
3
What is the units digit of ((-18)/(-4))/(-3 + (-233389)/(-77792))?
8
Let q(h) = 4*h**3 - 13*h**2 - 4*h + 19. Suppose -3*k = -5 - 13. What is the tens digit of q(k)?
9
What is the tens digit of (-4)/(-14) + 69201756/1932?
1
Let p(v) = 3*v**2 + 26*v - 8. Let i be 4/(-14)*1 - (-66)/(-14). Let a(o) = -o**2 - 2*o + 6. Let l be a(i). What is the units digit of p(l)?
1
Suppose -3*x - 33951 = -4*o, -24*x = 5*o - 21*x - 42459. What is the units digit of o?
0
Let i be 20/(-3) - 5/(-45)*-3. Let v(f) = 10*f**2 - f**2 - 10*f - 4 + 4 + f**3. What is the tens digit of v(i)?
6
Suppose -45177 = 10*p + 23*p. Let n = p - -1944. What is the hundreds digit of n?
5
Let w be 0/((-22)/18 - (-18)/81). Suppose 4*p - 9*p - 4*f + 2246 = w, 4*p + 4*f - 1800 = 0. What is the units digit of p?
6
Suppose -11*p + 9*p = -272. Suppose 11*f - 896 - 776 = 0. Suppose -3*q = -p - f. What is the units digit of q?
6
Let i(v) = -29*v - 118. Let r be i(-4). What is the units digit of ((-10)/((-100)/30))/(r/(-202))?
3
Let m = -11622 - -16602. What is the hundreds digit of m?
9
Let n be (1*46/(-8))/((-14)/(-1288)). Let c = 1011 + n. What is the hundreds digit of c?
4
Suppose -3*q - 39407 = -5*m - q, 3*m - 2*q = 23641. What is the hundreds digit of m?
8
What is the hundreds digit of 17/(102/759) + 1/(-2)?
1
Let k(j) = 17*j**2 - 68*j - 1053. What is the thousands digit of k(-48)?
1
Let m(s) = -212*s + 1512. What is the thousands digit of m(-57)?
3
Let q(j) = -j - 10. Let a(s) = -s**2 - 3*s - 20. Let d(c) = 2*a(c) - 5*q(c). Let k be d(-3). What is the units digit of -53*(2 + k + -1 + 3)?
3
Let u = 586 - 561. Suppose u*w - 21*w = 2292. What is the tens digit of w?
7
Let j(h) = 54*h**2 + 173*h - 2. What is the thousands digit of j(13)?
1
Let v = -8 + 24. Let j = -64 - -85. Suppose j*s - v*s = 525. What is the units digit of s?
5
Let j(t) = -t**3 - 9*t**2 - 9*t - 12. Let b be j(-10). Suppose 182*u - b*u - 232 = 0. What is the units digit of u?
8
Let p(w) = 1567*w - 4427. What is the tens digit of p(62)?
2
Let d(x) = -33*x - 22. Let o be d(-7). Let a = o - 144. What is the units digit of a?
5
Let i(c) = 8*c**2 + 61*c - 63. What is the thousands digit of i(39)?
4
Let i(h) = 237*h**2 + 37*h + 71. What is the tens digit of i(6)?
2
Let q(f) = f**3 + 9*f**2 - 14*f - 4. Let t be q(-10). Suppose 7*o - t = 4*o. Suppose -3*h = -4*x - 215 - o, 4*h - x = 320. What is the units digit of h?
1
Let x(p) = 2684*p**2 + 66*p - 88. What is the t